{"id":1065,"date":"2021-02-05T16:18:07","date_gmt":"2021-02-05T16:18:07","guid":{"rendered":"http:\/\/www.chantalemorin.com\/site\/?page_id=1065"},"modified":"2021-02-05T16:39:50","modified_gmt":"2021-02-05T16:39:50","slug":"2017-2","status":"publish","type":"page","link":"https:\/\/www.chantalemorin.com\/site\/concerts\/2017-2\/","title":{"rendered":"2017"},"content":{"rendered":"<p><strong>22 d\u00e9cembre 2017<\/strong>, 18:00- Bily Kun<\/p>\n<p>Duo avec Alex Bellegarde, Contrebasse<\/p>\n<p>.<\/p>\n<p><strong>20 d\u00e9cembre 2017<\/strong>, 19:30-\u00a0<a href=\"http:\/\/houseofjazz.ca\/?lang=fr\" target=\"_blank\">House of jazz<\/a>, \u00a0Montr\u00e9al<\/p>\n<p>w. Snooky- Drums and voice, Ben Comeau- Bass, Drey Demosthene-Sax<\/p>\n<p>.<\/p>\n<p><strong>17 d\u00e9cembre 2017<\/strong>, 13:00 et 15:00 Parc des Compagnons-de Saint-Laurent, Montr\u00e9al<\/p>\n<p>Choeurs Crocmuzik<\/p>\n<p>.<\/p>\n<p><strong>16 d\u00e9cembre 2016<\/strong>, 9:30 \u00e0 13:30, Universit\u00e9 de Montr\u00e9al<\/p>\n<p>\u00c9cole des jeunes de l&#8217;Universit\u00e9 de Montr\u00e9al<\/p>\n<p>.<\/p>\n<p><strong>15 d\u00e9cembre 2017<\/strong>, 18:00 et 20:00 Chapelle de l&#8217;\u00e9glise St-Jean Baptiste, Montr\u00e9al<\/p>\n<p>Choeur Crocmuzik et Crocjazz<\/p>\n<p>.<\/p>\n<p><strong>13 d\u00e9cembre 2017 <\/strong>20:00- Salle Oliver Jones, Montr\u00e9al<\/p>\n<p>Paysages du jour tranquille, Blanche Baillargeon -voix-bass,<\/p>\n<p>Guillaume Bourque-Clar, \u00c9lisabeth Giroux-vlc, Sasha Daoud-Perc<\/p>\n<p>.<\/p>\n<p><strong>7 d\u00e9cembre 2017<\/strong>, 18:00- Bily Kun<\/p>\n<p>Duo avec Alex Bellegarde, Contrebasse<\/p>\n<p>.<\/p>\n<p><strong>6 d\u00e9cembre 2017<\/strong>, 19:30-\u00a0<a href=\"http:\/\/houseofjazz.ca\/?lang=fr\" target=\"_blank\">House of jazz<\/a>, \u00a0Montr\u00e9al<\/p>\n<p>w. Snooky- Drums and voice, Ben Comeau- Bass, Drey Demosthene-Sax<\/p>\n<p>.<\/p>\n<p><strong>29 novembre 2017<\/strong>, 19:30-\u00a0<a href=\"http:\/\/houseofjazz.ca\/?lang=fr\" target=\"_blank\">House of jazz<\/a>, \u00a0Montr\u00e9al<\/p>\n<p>w. Snooky- Drums and voice, Ben Comeau- Bass, Drey Demosthene-Sax<\/p>\n<p>.<\/p>\n<p><strong>24 novembre 2017<\/strong>, 18:00- Bily Kun<\/p>\n<p>Duo avec Alex Bellegarde, Contrebasse<\/p>\n<p>.<\/p>\n<p><strong>22 novembre 2017<\/strong>, 19:30-\u00a0<a href=\"http:\/\/houseofjazz.ca\/?lang=fr\" target=\"_blank\">House of jazz<\/a>, \u00a0Montr\u00e9al<\/p>\n<p>w. Snooky- Drums and voice, Ben Comeau- Bass, Drey Demosthene-Sax<\/p>\n<p>.<\/p>\n<p><strong>15 novembre 2017<\/strong>, 19:30-\u00a0<a href=\"http:\/\/houseofjazz.ca\/?lang=fr\" target=\"_blank\">House of jazz<\/a>, \u00a0Montr\u00e9al<\/p>\n<p>w. Snooky- Drums and voice, Ben Comeau- Bass, Drey Demosthene-Sax<\/p>\n<p>.<\/p>\n<p><strong>8 novembre 2017<\/strong>, 19:30-\u00a0<a href=\"http:\/\/houseofjazz.ca\/?lang=fr\" target=\"_blank\">House of jazz<\/a>, \u00a0Montr\u00e9al<\/p>\n<p>w. Snooky- Drums and voice, Ben Comeau- Bass, Drey Demosthene-Sax<\/p>\n<p>.<\/p>\n<p><strong>2 novembre 2017<\/strong>, 18:00- Bily Kun<\/p>\n<p>Duo avec Sage Reynolds, Contrebasse<\/p>\n<p>.<\/p>\n<p><strong>1er novembre 2017<\/strong>, 19:30-\u00a0<a href=\"http:\/\/houseofjazz.ca\/?lang=fr\" target=\"_blank\">House of jazz<\/a>, \u00a0Montr\u00e9al<\/p>\n<p>w. Snooky- Drums and voice, Ben Comeau- Bass, Drey Demosthene-Sax<\/p>\n<p>.<\/p>\n<p><strong>27 octobre 2017<\/strong>, 18:00- Bily Kun<\/p>\n<p>Duo avec Alex Bellegarde, Contrebasse<\/p>\n<p>.<\/p>\n<p><strong>25 octobre 2017<\/strong>, 19:30-\u00a0<a href=\"http:\/\/houseofjazz.ca\/?lang=fr\" target=\"_blank\">House of jazz<\/a>, \u00a0Montr\u00e9al<\/p>\n<p>w. Snooky- Drums and voice, Ben Comeau- Bass, Drey Demosthene-Sax<\/p>\n<p>.<\/p>\n<p><strong>19 octobre 2017<\/strong>, 19:30- Maison de la culture Rosemont, Montr\u00e9al<\/p>\n<p>Franck Sylvestre, Histoires Slamm\u00e9es<\/p>\n<p>.<\/p>\n<p><strong>18 octobre 2017<\/strong>, 19:30-\u00a0<a href=\"http:\/\/houseofjazz.ca\/?lang=fr\" target=\"_blank\">House of jazz<\/a>, \u00a0Montr\u00e9al<\/p>\n<p>w. Snooky- Drums and voice, Ben Comeau- Bass, Drey Demosthene-Sax<\/p>\n<p>.<\/p>\n<p><strong>17 octobre 2017<\/strong>, 14:00- Maison de la culture Pointe aux Trembles, Montr\u00e9al<\/p>\n<p>Paysages du jour tranquille, Blanche Baillargeon -voix-bass,<\/p>\n<p>Guillaume Bourque-Clar, \u00c9lisabeth Giroux-vlc, Sasha Daoud-Perc<\/p>\n<p>.<\/p>\n<p><strong>4 octobre 2017<\/strong>, 19:30-\u00a0<a href=\"http:\/\/houseofjazz.ca\/?lang=fr\" target=\"_blank\">House of jazz<\/a>, \u00a0Montr\u00e9al<\/p>\n<p>w. Snooky- Drums and voice, Ben Comeau- Bass, Drey Demosthene-Sax<\/p>\n<p>.<\/p>\n<p><strong>28 septembre 2017<\/strong>, 18:00- Bily Kun<\/p>\n<p>Duo avec Alex Bellegarde, Contrebasse<\/p>\n<p>.<\/p>\n<p><strong>27 septembre 2017<\/strong>, 19:30-\u00a0<a href=\"http:\/\/houseofjazz.ca\/?lang=fr\" target=\"_blank\">House of jazz<\/a>, \u00a0Montr\u00e9al<\/p>\n<p>w. Snooky- Drums and voice, Ben Comeau- Bass, Drey Demosthene-Sax<\/p>\n<p>.<\/p>\n<p><strong>20 septembre 2017<\/strong>, 19:30-\u00a0<a href=\"http:\/\/houseofjazz.ca\/?lang=fr\" target=\"_blank\">House of jazz<\/a>, \u00a0Montr\u00e9al<\/p>\n<p>w. Snooky- Drums and voice, Ben Comeau- Bass, Drey Demosthene-Sax<\/p>\n<p>.<\/p>\n<p><strong>13 septembre 2017<\/strong>, 19:30-\u00a0<a href=\"http:\/\/houseofjazz.ca\/?lang=fr\" target=\"_blank\">House of jazz<\/a>, \u00a0Montr\u00e9al<\/p>\n<p>w. Snooky- Drums and voice, Ben Comeau- Bass, Drey Demosthene-Sax<\/p>\n<p>.<\/p>\n<p><strong>10 septembre 2017<\/strong>, 10:30 \u00a0Parc Lafontaine, Sc\u00e8ne \u00c9loize, Montr\u00e9al<\/p>\n<p>Choeurs Crocmuzik et Crocjazz<\/p>\n<p>.<\/p>\n<p><strong>9 septembre 2017<\/strong>, 10:30 \u00a0Parc Lafontaine, Sc\u00e8ne \u00c9loize, Montr\u00e9al<\/p>\n<p>Choeurs Crocmuzik et Crocjazz<\/p>\n<p>.<\/p>\n<p><strong>8 septembre 2017<\/strong>, 18:00- Bily Kun<\/p>\n<p>Duo avec Alex Bellegarde Contrebasse<\/p>\n<p>.<\/p>\n<p><strong>6 septembre 2017<\/strong>, 19:30-\u00a0<a href=\"http:\/\/houseofjazz.ca\/?lang=fr\" target=\"_blank\">House of jazz<\/a>, \u00a0Montr\u00e9al<\/p>\n<p>w. Snooky- Drums and voice, Ben Comeau- Bass, Drey Demosthene-Sax<\/p>\n<p>.<\/p>\n<p><strong>30 ao\u00fbt 2017<\/strong>, 19:30-\u00a0<a href=\"http:\/\/houseofjazz.ca\/?lang=fr\" target=\"_blank\">House of jazz<\/a>, \u00a0Montr\u00e9al<\/p>\n<p>w. Snooky- Drums and voice, Ben Comeau- Bass, Drey Demosthene-Sax<\/p>\n<p>.<\/p>\n<p><strong>27 ao\u00fbt 2017<\/strong>, 18:00, Th\u00e9\u00e2tre du peuple, Busseng, FRANCE<\/p>\n<p>Benoit Paradis Trio<\/p>\n<p>.<\/p>\n<p><strong>23 ao\u00fbt 2017<\/strong>, 20:00, Camp Chanson, Petite Vall\u00e9e<\/p>\n<p>Benoit Paradis Trio<\/p>\n<p>.<\/p>\n<p><strong>21 ao\u00fbt 2017<\/strong>, 21:00, Brise Bise, Gasp\u00e9<\/p>\n<p>Benoit Paradis Trio<\/p>\n<p>.<\/p>\n<p><strong>17 ao\u00fbt 2017<\/strong>, 18:00- Bily Kun<\/p>\n<p>Duo avec Alex Bellegarde<\/p>\n<p>.<\/p>\n<p><strong>16 ao\u00fbt 2017<\/strong>, 19:30-\u00a0<a href=\"http:\/\/houseofjazz.ca\/?lang=fr\" target=\"_blank\">House of jazz<\/a>, \u00a0Montr\u00e9al<\/p>\n<p>w. Snooky- Drums and voice, Ben Comeau- Bass, Drey Demosthene-Sax<\/p>\n<p>.<\/p>\n<p><strong>4 ao\u00fbt 2017<\/strong>, 19:30 Parc Lafontaine<\/p>\n<p>Benoit Paradis Trio<\/p>\n<p>.<\/p>\n<p><strong>2 ao\u00fbt 2017<\/strong>, 19:30-\u00a0<a href=\"http:\/\/houseofjazz.ca\/?lang=fr\" target=\"_blank\">House of jazz<\/a>, \u00a0Montr\u00e9al<\/p>\n<p>w. Snooky- Drums and voice, Ben Comeau- Bass, Drey Demosthene-Sax<\/p>\n<p>.<\/p>\n<p><strong>26 juillet 2017<\/strong>, 19:30-\u00a0<a href=\"http:\/\/houseofjazz.ca\/?lang=fr\" target=\"_blank\">House of jazz<\/a>, \u00a0Montr\u00e9al<\/p>\n<p>w. Snooky- Drums and voice, Ben Comeau- Bass, Drey Demosthene-Sax<\/p>\n<p>.<\/p>\n<p><strong>19 juillet 2017<\/strong>, 19:30-\u00a0<a href=\"http:\/\/houseofjazz.ca\/?lang=fr\" target=\"_blank\">House of jazz<\/a>, \u00a0Montr\u00e9al<\/p>\n<p>w. Snooky- Drums and voice, Ben Comeau- Bass, Drey Demosthene-Sax<\/p>\n<p>.<\/p>\n<p><strong>14 juillet 2017<\/strong>, 18:00- Bily Kun<\/p>\n<p>Duo avec Benoit Coulombe<\/p>\n<p>.<\/p>\n<p><strong>13 juillet 2017<\/strong>, 21:00 Loubards, Sherbrooke<\/p>\n<p>Benoit Paradis Trio<\/p>\n<p>.<\/p>\n<p><strong>13 juillet 2017<\/strong>, 17:30 Carr\u00e9 Strathcona, Sherbrooke<\/p>\n<p>Benoit Paradis Trio<\/p>\n<p>.<\/p>\n<p><strong>12 juillet 2017<\/strong>, 19:30-\u00a0<a href=\"http:\/\/houseofjazz.ca\/?lang=fr\" target=\"_blank\">House of jazz<\/a>, \u00a0Montr\u00e9al<\/p>\n<p>w. Snooky- Drums and voice, Ben Comeau- Bass, Drey Demosthene-Sax<\/p>\n<p>.<\/p>\n<p><strong>28 juin 2017<\/strong>, 19:30-\u00a0<a href=\"http:\/\/houseofjazz.ca\/?lang=fr\" target=\"_blank\">House of jazz<\/a>, \u00a0Montr\u00e9al<\/p>\n<p>w. Snooky- Drums and voice, Ben Comeau- Bass, Drey Demosthene-Sax<\/p>\n<p>.<\/p>\n<p><strong>28 juin 2017<\/strong>, 17:00-\u00a0<a href=\"http:\/\/houseofjazz.ca\/?lang=fr\" target=\"_blank\">House of jazz<\/a>, \u00a0Montr\u00e9al, Album launch<\/p>\n<p>w. Snooky- voice, Ben Comeau- Bass, Drey Demosthene-Sax, Jim Hillman- Drums, Kepler Jean Baptiste- Keys<\/p>\n<p>.<\/p>\n<p><strong>25 juin2017<\/strong>, 19:00-\u00a0<a href=\"http:\/\/houseofjazz.ca\/?lang=fr\" target=\"_blank\">House of jazz<\/a>, \u00a0Laval<\/p>\n<p>w. Snooky- Drums and voice, Ben Comeau- Bass, Drey Demosthene-Sax<\/p>\n<p>.<\/p>\n<p><strong>18 juin2017<\/strong>, 19:00-\u00a0<a href=\"http:\/\/houseofjazz.ca\/?lang=fr\" target=\"_blank\">House of jazz<\/a>, \u00a0Laval<\/p>\n<p>w. Coco Thompson- voice, Ben Comeau- Bass, Drey Demosthene-Sax<\/p>\n<p>.<\/p>\n<p><strong>16 juin 2017<\/strong>, 18:00 \u00a0et 20:00 \u00c9cole Robert Gravel, Montr\u00e9al<\/p>\n<p>Choeurs Crocmuzik et Crocjazz<\/p>\n<p>.<\/p>\n<p><strong>15 juin 2017<\/strong>, 18:00- Bily Kun<\/p>\n<p>Duo avec Alex Bellegarde<\/p>\n<p>.<\/p>\n<p><strong>11 juin2017<\/strong>, 19:00-\u00a0<a href=\"http:\/\/houseofjazz.ca\/?lang=fr\" target=\"_blank\">House of jazz<\/a>, \u00a0Laval<\/p>\n<p>w. Snooky- Drums and voice, Ben Comeau- Bass, Drey Demosthene-Sax<\/p>\n<p>.<\/p>\n<p><strong>7 juin 2017<\/strong>, 19:30-\u00a0<a href=\"http:\/\/houseofjazz.ca\/?lang=fr\" target=\"_blank\">House of jazz<\/a>, \u00a0Montr\u00e9al<\/p>\n<p>w. Snooky- Drums and voice, Ben Comeau- Bass, Drey Demosthene-Sax<\/p>\n<p>.<\/p>\n<p><strong>4 juin2017<\/strong>, 19:00-\u00a0<a href=\"http:\/\/houseofjazz.ca\/?lang=fr\" target=\"_blank\">House of jazz<\/a>, \u00a0Laval<\/p>\n<p>w. Coco Thompson-voice, Ben Comeau- Bass, Drey Demosthene-Sax, Jim Hillman- Drums<\/p>\n<p>.<\/p>\n<p><strong>31 mai 2017<\/strong>, 19:30-\u00a0<a href=\"http:\/\/houseofjazz.ca\/?lang=fr\" target=\"_blank\">House of jazz<\/a>, \u00a0Montr\u00e9al<\/p>\n<p>w. Snooky- Drums and voice, Ben Comeau- Bass, Drey Demosthene-Sax<\/p>\n<p>.<\/p>\n<p><strong>28 mai 2017<\/strong>, 19:00- Sala Rossa<\/p>\n<p>\u00c9cole de chant Sonia Loyer<\/p>\n<p>.<\/p>\n<p><strong>25 mai 2017<\/strong>, 12:00 Parc \u00c9mile Gamelin, Montr\u00e9al<\/p>\n<p>Benoit Paradis Trio<\/p>\n<p>.<\/p>\n<p><strong>24 mai 2017<\/strong>, 19:30-\u00a0<a href=\"http:\/\/houseofjazz.ca\/?lang=fr\" target=\"_blank\">House of jazz<\/a>, \u00a0Montr\u00e9al<\/p>\n<p>w. Snooky- Drums and voice, Ben Comeau- Bass, Drey Demosthene-Sax<\/p>\n<p>.<\/p>\n<p><strong>21 mai 2017<\/strong>, 19:00-\u00a0<a href=\"http:\/\/houseofjazz.ca\/?lang=fr\" target=\"_blank\">House of jazz<\/a>, \u00a0Laval<\/p>\n<p>w. Snooky- Drums and voice, Ben Comeau- Bass, Drey Demosthene-Sax<\/p>\n<p>.<\/p>\n<p><strong>20 mai 2017<\/strong>, 20:00- Bistro Ste Cat, Montr\u00e9al<\/p>\n<p>w. Snooky- Drums and voice, Ben Comeau- Bass, Drey Demosthene-Sax<\/p>\n<p>.<\/p>\n<p><strong>18 mai 2017<\/strong>, 18:00- Bily Kun<\/p>\n<p>Duo avec Alex Bellegarde<\/p>\n<p>.<\/p>\n<p><strong>17 mai 2017<\/strong>, 19:30-\u00a0<a href=\"http:\/\/houseofjazz.ca\/?lang=fr\" target=\"_blank\">House of jazz<\/a>, \u00a0Montr\u00e9al<\/p>\n<p>w. Snooky- Drums and voice, Ben Comeau- Bass, Drey Demosthene-Sax<\/p>\n<p>.<\/p>\n<p><strong>10 mai 2017<\/strong>, 19:30-\u00a0<a href=\"http:\/\/houseofjazz.ca\/?lang=fr\" target=\"_blank\">House of jazz<\/a>, \u00a0Montr\u00e9al<\/p>\n<p>w. Snooky- Drums and voice, Ben Comeau- Bass, Drey Demosthene-Sax<\/p>\n<p>.<\/p>\n<p><strong>7 mai 2017<\/strong>, 19:00-\u00a0<a href=\"http:\/\/houseofjazz.ca\/?lang=fr\" target=\"_blank\">House of jazz<\/a>, \u00a0Laval<\/p>\n<p>w. Snooky- Drums and voice, Ben Comeau- Bass, Drey Demosthene-Sax<\/p>\n<p>.<\/p>\n<p><strong>3 mai 2017<\/strong>, 19:30-\u00a0<a href=\"http:\/\/houseofjazz.ca\/?lang=fr\" target=\"_blank\">House of jazz<\/a>, \u00a0Montr\u00e9al<\/p>\n<p>w. Snooky- Drums and voice, Ben Comeau- Bass, Drey Demosthene-Sax<\/p>\n<p>.<\/p>\n<p><strong>30 avril 2017<\/strong>, 19:00-\u00a0<a href=\"http:\/\/houseofjazz.ca\/?lang=fr\" target=\"_blank\">House of jazz<\/a>, \u00a0Laval<\/p>\n<p>w. Snooky- Drums and voice, Ben Comeau- Bass, Drey Demosthene-Sax<\/p>\n<p>.<\/p>\n<p><strong>29 avril 2017<\/strong>, 21:30-\u00a0<a href=\"http:\/\/houseofjazz.ca\/?lang=fr\" target=\"_blank\">House of jazz<\/a>, \u00a0Montr\u00e9al<\/p>\n<p>Sosa latin jazz<\/p>\n<p>.<\/p>\n<p><strong>28 avril 2017<\/strong>, 18:00- Bily Kun<\/p>\n<p>Duo avec Sage Reynolds<\/p>\n<p>.<\/p>\n<p><strong>26 avril 2017<\/strong>, 19:30-\u00a0<a href=\"http:\/\/houseofjazz.ca\/?lang=fr\" target=\"_blank\">House of jazz<\/a>, \u00a0Montr\u00e9al<\/p>\n<p>w. Snooky- Drums and voice, Ben Comeau- Bass, Drey Demosthene-Sax<\/p>\n<p>.<\/p>\n<p><strong>23 avril 2017<\/strong>, 19:00-\u00a0<a href=\"http:\/\/houseofjazz.ca\/?lang=fr\" target=\"_blank\">House of jazz<\/a>, \u00a0Laval<\/p>\n<p>w. Snooky- Drums and voice, Ben Comeau- Bass, Drey Demosthene-Sax<\/p>\n<p>.<\/p>\n<p><strong>21 avril 2017<\/strong>, 18:00- Bily Kun<\/p>\n<p>Duo avec Benoit Coulombe<\/p>\n<p>.<\/p>\n<p><strong>19 avril 2017<\/strong>, 19:30-\u00a0<a href=\"http:\/\/houseofjazz.ca\/?lang=fr\" target=\"_blank\">House of jazz<\/a>, \u00a0Montr\u00e9al<\/p>\n<p>w. Snooky- Drums and voice, Ben Comeau- Bass, Drey Demosthene-Sax<\/p>\n<p>.<\/p>\n<p><strong>17 avril 2017<\/strong>, 20:00 Lion d&#8217;Or, Montr\u00e9al<\/p>\n<p>Benoit Paradis Trio<\/p>\n<p>.<\/p>\n<p><strong>16 avril 2017<\/strong>, 19:00-\u00a0<a href=\"http:\/\/houseofjazz.ca\/?lang=fr\" target=\"_blank\">House of jazz<\/a>, \u00a0Laval<\/p>\n<p>w. Snooky- Drums and voice, Ben Comeau- Bass, Drey Demosthene-Sax<\/p>\n<p>.<\/p>\n<p><strong>15 avril 2017<\/strong>, 20:00 C\u00f4t\u00e9 Cour, Jonqui\u00e8re<\/p>\n<p>Benoit Paradis Trio<\/p>\n<p>.<\/p>\n<p><strong>13 avril 2017<\/strong>, 20:00 Cabaret d&#8217;Albert, Salaberry-de-Valleyfield<\/p>\n<p>Benoit Paradis Trio<\/p>\n<p>.<\/p>\n<p><strong>12 avril 2017<\/strong>, 19:30-\u00a0<a href=\"http:\/\/houseofjazz.ca\/?lang=fr\" target=\"_blank\">House of jazz<\/a>, \u00a0Montr\u00e9al<\/p>\n<p>w. Snooky- Drums and voice, Ben Comeau- Bass, Drey Demosthene-Sax<\/p>\n<p>.<\/p>\n<p><strong>9 avril 2017<\/strong>, 19:00-\u00a0<a href=\"http:\/\/houseofjazz.ca\/?lang=fr\" target=\"_blank\">House of jazz<\/a>, \u00a0Laval<\/p>\n<p>w. Snooky- Drums and voice, Ben Comeau- Bass, Drey Demosthene-Sax<\/p>\n<p>.<\/p>\n<p><strong>7 avril 2017<\/strong>, 20:00 La Basoche, Gatineau<\/p>\n<p>Benoit Paradis Trio<\/p>\n<p>.<\/p>\n<p><strong>5 avril 2017<\/strong>, 18:00 Le Cheval Blanc, Montr\u00e9al<\/p>\n<p>Benoit Paradis Trio<\/p>\n<p>.<\/p>\n<p><strong>2 avril 2017<\/strong>, 19:00-\u00a0<a href=\"http:\/\/houseofjazz.ca\/?lang=fr\" target=\"_blank\">House of jazz<\/a>, \u00a0Laval<\/p>\n<p>w. Snooky- Drums and voice, Ben Comeau- Bass, Drey Demosthene-Sax<\/p>\n<p>.<\/p>\n<p><strong>1er avril 2017<\/strong>, 20:00 Le Zaricot, St-Hyacinthe<\/p>\n<p>Benoit Paradis Trio<\/p>\n<p>.<\/p>\n<p><strong>31 mars 2017<\/strong>, 18:00- Bily Kun, Montr\u00e9al<\/p>\n<p>Duo avec Alex Bellegarde<\/p>\n<p>.<\/p>\n<p><strong>24 mars 2017<\/strong>, 20:00, Th\u00e9\u00e2tre Ono, Berne, SUISSE<\/p>\n<p>Benoit Paradis Trio<\/p>\n<p>.<\/p>\n<p><strong>19 mars 2017<\/strong>, 20:00, Berthoud festival, Burgdorf, SUISSE<\/p>\n<p>Benoit Paradis Trio<\/p>\n<p>.<\/p>\n<p><strong>18 mars 2017<\/strong>, 20:00, Th\u00e9\u00e2tre de poche, Bienne, SUISSE<\/p>\n<p>Benoit Paradis Trio<\/p>\n<p>.<\/p>\n<p><strong>17 mars 2017<\/strong>, \u00a0Le Moulitpass, La Chaux du milieu, SUISSE<\/p>\n<p>Benoit Paradis Trio<\/p>\n<p>.<\/p>\n<p><strong>16 mars 2017<\/strong>, \u00a0Festival Bars en f\u00eate, Gen\u00e8ve, SUISSE<\/p>\n<p>Benoit Paradis Trio<\/p>\n<p>.<\/p>\n<p><strong>14 mars 2017<\/strong>, 20:00, Th\u00e9\u00e2tre Keller, Zurich, SUISSE<\/p>\n<p>Benoit Paradis Trio<\/p>\n<p>.<\/p>\n<p><strong>11 mars 2017<\/strong>, 20:00, Festival Chants sur paroles, Mably, FRANCE<\/p>\n<p>Benoit Paradis Trio<\/p>\n<p>.<\/p>\n<p><strong>10 mars 2017<\/strong>, 20:45, Le comptoir, Fontenay sous bois,FRANCE<\/p>\n<p>Benoit Paradis Trio<\/p>\n<p>.<\/p>\n<p><strong>1 mars 2017<\/strong>, 19:30-\u00a0<a href=\"http:\/\/houseofjazz.ca\/?lang=fr\" target=\"_blank\">House of jazz<\/a>, \u00a0Montr\u00e9al<\/p>\n<p>w. Snooky- Drums and voice, Ben Comeau- Bass, Drey Demosthene-Sax<\/p>\n<p>.<\/p>\n<p><strong>26 f\u00e9vrier 2017<\/strong>, 19:00-\u00a0<a href=\"http:\/\/houseofjazz.ca\/?lang=fr\" target=\"_blank\">House of jazz<\/a>, \u00a0Laval<\/p>\n<p>w. Snooky- Drums and voice, Ben Comeau- Bass, Drey Demosthene-Sax<\/p>\n<p>.<\/p>\n<p><strong>23 f\u00e9vrier 2017<\/strong>, 18:00- Bily Kun, Montr\u00e9al<\/p>\n<p>Duo avec\u00a0Christophe Papadimitriou<\/p>\n<p>.<\/p>\n<p><strong>22 f\u00e9vrier 2017<\/strong>, 19:30-\u00a0<a href=\"http:\/\/houseofjazz.ca\/?lang=fr\" target=\"_blank\">House of jazz<\/a>, \u00a0Montr\u00e9al<\/p>\n<p>w. Snooky- Drums and voice, Ben Comeau- Bass, Drey Demosthene-Sax<\/p>\n<p>.<\/p>\n<p><strong>19 f\u00e9vrier 2017<\/strong>, 19:00-\u00a0<a href=\"http:\/\/houseofjazz.ca\/?lang=fr\" target=\"_blank\">House of jazz<\/a>, \u00a0Laval<\/p>\n<p>w. Snooky- Drums and voice, Ben Comeau- Bass, Drey Demosthene-Sax<\/p>\n<p>.<\/p>\n<p><strong>12 f\u00e9vrier 2017<\/strong>, 19:00-\u00a0<a href=\"http:\/\/houseofjazz.ca\/?lang=fr\" target=\"_blank\">House of jazz<\/a>, \u00a0Laval<\/p>\n<p>w. Snooky- Drums and voice, Ben Comeau- Bass, Drey Demosthene-Sax<\/p>\n<p>.<\/p>\n<p><strong>10 f\u00e9vrier 2017<\/strong>, 21:30-\u00a0<a href=\"http:\/\/houseofjazz.ca\/?lang=fr\" target=\"_blank\">House of jazz<\/a>, \u00a0Montr\u00e9al<\/p>\n<p>w. Snooky- voice, Ben Comeau- Bass, Drey Demosthene-Sax, Jim Hillman- Drums<\/p>\n<p>.<\/p>\n<p><strong>10 f\u00e9vrier 2017<\/strong>, 18:00- Bily Kun, Montr\u00e9al<\/p>\n<p>Duo avec Christophe Papadimitriou<\/p>\n<p>.<\/p>\n<p><strong>8 f\u00e9vrier 2017<\/strong>, 19:30-\u00a0<a href=\"http:\/\/houseofjazz.ca\/?lang=fr\" target=\"_blank\">House of jazz<\/a>, \u00a0Montr\u00e9al<\/p>\n<p>w. Snooky- Drums and voice, Ben Comeau- Bass, Drey Demosthene-Sax<\/p>\n<p>.<\/p>\n<p><strong>5 f\u00e9vrier 2017<\/strong>, 19:00-\u00a0<a href=\"http:\/\/houseofjazz.ca\/?lang=fr\" target=\"_blank\">House of jazz<\/a>, \u00a0Laval<\/p>\n<p>w. Snooky- Drums and voice, Ben Comeau- Bass, Drey Demosthene-Sax<\/p>\n<p>.<\/p>\n<p><strong>1 f\u00e9vrier 2017<\/strong>, 19:30-\u00a0<a href=\"http:\/\/houseofjazz.ca\/?lang=fr\" target=\"_blank\">House of jazz<\/a>, \u00a0Montr\u00e9al<\/p>\n<p>w. Snooky- Drums and voice, Ben Comeau- Bass, Drey Demosthene-Sax<\/p>\n<p>.<\/p>\n<p><strong>29 janvier 2017<\/strong>, 19:00-\u00a0<a href=\"http:\/\/houseofjazz.ca\/?lang=fr\" target=\"_blank\">House of jazz<\/a>, \u00a0Laval<\/p>\n<p>w. Snooky- Drums and voice, Ben Comeau- Bass, Drey Demosthene-Sax<\/p>\n<p>.<\/p>\n<p><strong>25 \u00a0janvier 2017<\/strong>, 19:30-\u00a0<a href=\"http:\/\/houseofjazz.ca\/?lang=fr\" target=\"_blank\">House of jazz<\/a>, \u00a0Montr\u00e9al<\/p>\n<p>w. Snooky- Drums and voice, Ben Comeau- Bass, Drey Demosthene-Sax<\/p>\n<p>.<\/p>\n<p><strong>22 janvier 2017<\/strong>, 19:00-\u00a0<a href=\"http:\/\/houseofjazz.ca\/?lang=fr\" target=\"_blank\">House of jazz<\/a>, \u00a0Laval<\/p>\n<p>w. Snooky- Drums and voice, Ben Comeau- Bass, Drey Demosthene-Sax<\/p>\n<p>.<\/p>\n<p><strong>20 janvier 2017<\/strong>, 18:00- Bily Kun<\/p>\n<p>Duo avec \u00a0Christophe Papadimitriou \u00a0&#8211; Contrebasse<\/p>\n<p>.<\/p>\n<p><strong>18 janvier 2017<\/strong>, 19:30-\u00a0<a href=\"http:\/\/houseofjazz.ca\/?lang=fr\" target=\"_blank\">House of jazz<\/a>, \u00a0Montr\u00e9al<\/p>\n<p>w. Snooky- Drums and voice, Ben Comeau- Bass, Drey Demosthene-Sax<\/p>\n<p>.<\/p>\n<p><strong>15 janvier 2017<\/strong>, 19:00-\u00a0<a href=\"http:\/\/houseofjazz.ca\/?lang=fr\" target=\"_blank\">House of jazz<\/a>, \u00a0Laval<\/p>\n<p>w. Snooky- Drums and voice, Ben Comeau- Bass, Drey Demosthene-Sax<\/p>\n<p>.<\/p>\n<p><strong>11 janvier 2017<\/strong>, 19:30-\u00a0<a href=\"http:\/\/houseofjazz.ca\/?lang=fr\" target=\"_blank\">House of jazz<\/a>, \u00a0Montr\u00e9al<\/p>\n<p>w. Snooky- Drums and voice, Ben Comeau- Bass, Drey Demosthene-Sax<\/p>\n<p>.<\/p>\n<p><strong>8 janvier 2017<\/strong>, 19:00-\u00a0<a href=\"http:\/\/houseofjazz.ca\/?lang=fr\" target=\"_blank\">House of jazz<\/a>, \u00a0Laval<\/p>\n<p>w. Snooky- Drums and voice, Ben Comeau- Bass, Drey Demosthene-Sax<\/p>\n<p>.<\/p>\n<p><strong>4 janvier 2017<\/strong>, 19:30-\u00a0<a href=\"http:\/\/houseofjazz.ca\/?lang=fr\" target=\"_blank\">House of jazz<\/a>, \u00a0Montr\u00e9al<\/p>\n<p>w. Snooky- Drums and voice, Ben Comeau- Bass, Drey Demosthene-Sax<\/p>\n<p>&nbsp;<\/p>\n<p>&nbsp;<\/p>\n<p>&nbsp;<\/p>\n<p><a title=\"2020\" href=\"https:\/\/www.chantalemorin.com\/site\/concerts\/2020-2\/\">2020<\/a> | <a title=\"2019\" href=\"https:\/\/www.chantalemorin.com\/site\/concerts\/2019-2\/\">2019<\/a> | <a title=\"2018\" href=\"https:\/\/www.chantalemorin.com\/site\/concerts\/2018-2\/\">2018<\/a> | <a title=\"2017\" href=\"https:\/\/www.chantalemorin.com\/site\/concerts\/2017-2\/\">2017<\/a> | <a title=\"2016\" href=\"https:\/\/www.chantalemorin.com\/site\/concerts\/2016-2\/\">2016<\/a> | <a title=\"2015\" href=\"https:\/\/www.chantalemorin.com\/site\/concerts\/2015-2\/\">2015<\/a> | <a title=\"2014\" href=\"https:\/\/www.chantalemorin.com\/site\/concerts\/2014-2\/\">2014<\/a> | <a title=\"2013\" href=\"https:\/\/www.chantalemorin.com\/site\/concerts\/2013-2\/\">2013<\/a> | <a title=\"2012\" href=\"https:\/\/www.chantalemorin.com\/site\/concerts\/2012-2\/\">2012<\/a> | <a title=\"2011\" href=\"https:\/\/www.chantalemorin.com\/site\/concerts\/2011-2\/\">2011<\/a> | <a title=\"2010\" href=\"https:\/\/www.chantalemorin.com\/site\/concerts\/2010-2\/\">2010<\/a> | <a title=\"2009\" href=\"https:\/\/www.chantalemorin.com\/site\/concerts\/2009-2\/\">2009<\/a> | <a title=\"2008\" href=\"https:\/\/www.chantalemorin.com\/site\/concerts\/2008-2\/\">2008<\/a><\/p>\n","protected":false},"excerpt":{"rendered":"<p>22 d\u00e9cembre 2017, 18:00- Bily Kun Duo avec Alex Bellegarde, Contrebasse . 20 d\u00e9cembre 2017, 19:30-\u00a0House of jazz, \u00a0Montr\u00e9al w. Snooky- Drums and voice, Ben Comeau- Bass, Drey Demosthene-Sax . 17 d\u00e9cembre 2017, 13:00 et 15:00 Parc des Compagnons-de Saint-Laurent, Montr\u00e9al Choeurs Crocmuzik . 16 d\u00e9cembre 2016, 9:30 \u00e0 13:30, Universit\u00e9 de Montr\u00e9al \u00c9cole des [&hellip;]<\/p>\n","protected":false},"author":1,"featured_media":0,"parent":10,"menu_order":0,"comment_status":"closed","ping_status":"closed","template":"","meta":{"footnotes":""},"class_list":["post-1065","page","type-page","status-publish","hentry"],"_links":{"self":[{"href":"https:\/\/www.chantalemorin.com\/site\/wp-json\/wp\/v2\/pages\/1065","targetHints":{"allow":["GET"]}}],"collection":[{"href":"https:\/\/www.chantalemorin.com\/site\/wp-json\/wp\/v2\/pages"}],"about":[{"href":"https:\/\/www.chantalemorin.com\/site\/wp-json\/wp\/v2\/types\/page"}],"author":[{"embeddable":true,"href":"https:\/\/www.chantalemorin.com\/site\/wp-json\/wp\/v2\/users\/1"}],"replies":[{"embeddable":true,"href":"https:\/\/www.chantalemorin.com\/site\/wp-json\/wp\/v2\/comments?post=1065"}],"version-history":[{"count":5,"href":"https:\/\/www.chantalemorin.com\/site\/wp-json\/wp\/v2\/pages\/1065\/revisions"}],"predecessor-version":[{"id":1113,"href":"https:\/\/www.chantalemorin.com\/site\/wp-json\/wp\/v2\/pages\/1065\/revisions\/1113"}],"up":[{"embeddable":true,"href":"https:\/\/www.chantalemorin.com\/site\/wp-json\/wp\/v2\/pages\/10"}],"wp:attachment":[{"href":"https:\/\/www.chantalemorin.com\/site\/wp-json\/wp\/v2\/media?parent=1065"}],"curies":[{"name":"wp","href":"https:\/\/api.w.org\/{rel}","templated":true}]}}