{"id":145,"date":"2011-05-30T16:28:00","date_gmt":"2011-05-30T16:28:00","guid":{"rendered":"http:\/\/www.chantalemorin.com\/site\/?page_id=145"},"modified":"2023-02-10T02:01:42","modified_gmt":"2023-02-10T02:01:42","slug":"videos","status":"publish","type":"page","link":"https:\/\/www.chantalemorin.com\/site\/videos\/","title":{"rendered":"Vid\u00e9os"},"content":{"rendered":"\n<p><strong><a href=\"https:\/\/www.youtube.com\/watch?v=wTC8cATpxHk\" target=\"_blank\" rel=\"noopener\">Cin\u00e9ma muet en musique \u00e0 la cin\u00e9math\u00e8que qu\u00e9b\u00e9coise<\/a><\/strong><\/p>\n\n\n\n<figure class=\"wp-block-embed is-type-video is-provider-youtube wp-block-embed-youtube wp-embed-aspect-16-9 wp-has-aspect-ratio\"><div class=\"wp-block-embed__wrapper\">\n<iframe loading=\"lazy\" title=\"Cin\u00e9ma muet en musique | Chantale Morin\" width=\"900\" height=\"506\" src=\"https:\/\/www.youtube.com\/embed\/wTC8cATpxHk?feature=oembed\" frameborder=\"0\" allow=\"accelerometer; autoplay; clipboard-write; encrypted-media; gyroscope; picture-in-picture; web-share\" allowfullscreen><\/iframe>\n<\/div><\/figure>\n\n\n\n<p><strong><a href=\"http:\/\/benoitparadistrio.com\/\" target=\"_blank\" rel=\"noopener\">Benoit Paradis Trio<\/a><\/strong><\/p>\n\n\n\n<figure class=\"wp-block-embed is-type-video is-provider-youtube wp-block-embed-youtube wp-embed-aspect-16-9 wp-has-aspect-ratio\"><div class=\"wp-block-embed__wrapper\">\n<iframe loading=\"lazy\" title=\"Benoit Paradis Trio - Chaise musicale (clip officiel)\" width=\"900\" height=\"506\" src=\"https:\/\/www.youtube.com\/embed\/8UvEPgy-GX4?feature=oembed\" frameborder=\"0\" allow=\"accelerometer; autoplay; clipboard-write; encrypted-media; gyroscope; picture-in-picture; web-share\" allowfullscreen><\/iframe>\n<\/div><\/figure>\n\n\n\n<figure class=\"wp-block-embed is-type-video is-provider-youtube wp-block-embed-youtube wp-embed-aspect-16-9 wp-has-aspect-ratio\"><div class=\"wp-block-embed__wrapper\">\n<iframe loading=\"lazy\" title=\"Benoit Paradis Trio - T&#039;as-tu toute?\" width=\"900\" height=\"506\" src=\"https:\/\/www.youtube.com\/embed\/l2kodmtN8kU?feature=oembed\" frameborder=\"0\" allow=\"accelerometer; autoplay; clipboard-write; encrypted-media; gyroscope; picture-in-picture; web-share\" allowfullscreen><\/iframe>\n<\/div><\/figure>\n\n\n\n<p>Avec Mapp_Mtl \u00e9t\u00e9 2022<\/p>\n\n\n\n<figure class=\"wp-block-embed is-type-video is-provider-youtube wp-block-embed-youtube wp-embed-aspect-16-9 wp-has-aspect-ratio\"><div class=\"wp-block-embed__wrapper\">\n<iframe loading=\"lazy\" title=\"Bonheur sous les \u00e9toiles - Chantale Morin et Mapp-Mtl par Crocjazz Benoit Paradis trio \u00e9t\u00e9 2022\" width=\"900\" height=\"506\" src=\"https:\/\/www.youtube.com\/embed\/sXpQgTp9_6U?start=30&#038;feature=oembed\" frameborder=\"0\" allow=\"accelerometer; autoplay; clipboard-write; encrypted-media; gyroscope; picture-in-picture; web-share\" allowfullscreen><\/iframe>\n<\/div><\/figure>\n\n\n\n<p><a href=\"https:\/\/www.choq.ca\/episodes\/radio-dodo\/emission-du-1-mars-2020\/\">https:\/\/www.choq.ca\/episodes\/radio-dodo\/emission-du-1-mars-2020\/<\/a><\/p>\n\n\n\n<figure class=\"wp-block-embed is-type-video is-provider-youtube wp-block-embed-youtube wp-embed-aspect-16-9 wp-has-aspect-ratio\"><div class=\"wp-block-embed__wrapper\">\n<iframe loading=\"lazy\" title=\"Le lac multicolore de Plume Latraverse par Muzimonde, Camp musical \u00e9t\u00e9 2020\" width=\"900\" height=\"506\" src=\"https:\/\/www.youtube.com\/embed\/DzL9QShuYgw?feature=oembed\" frameborder=\"0\" allow=\"accelerometer; autoplay; clipboard-write; encrypted-media; gyroscope; picture-in-picture; web-share\" allowfullscreen><\/iframe>\n<\/div><\/figure>\n\n\n\n<p><iframe loading=\"lazy\" src=\"https:\/\/www.youtube.com\/embed\/DzL9QShuYgw\" width=\"100%\" height=\"315\" frameborder=\"0\" allowfullscreen=\"allowfullscreen\"><\/iframe><\/p>\n\n\n\n<p><strong><a href=\"https:\/\/www.youtube.com\/watch?v=l2kodmtN8kU\">Franck Sylvestre<\/a><\/strong><\/p>\n\n\n\n<div style=\"padding: 56.25% 0 0 0; position: relative;\"><iframe loading=\"lazy\" style=\"position: absolute; top: 0; left: 0; width: 100%; height: 100%;\" src=\"https:\/\/player.vimeo.com\/video\/492544164?title=0&amp;byline=0&amp;portrait=0\" width=\"300\" height=\"150\" frameborder=\"0\" allowfullscreen=\"allowfullscreen\"><\/iframe><\/div>\n\n\n\n<p><script src=\"https:\/\/player.vimeo.com\/api\/player.js\"><\/script><\/p>\n\n\n\n<figure class=\"wp-block-embed is-type-video is-provider-youtube wp-block-embed-youtube wp-embed-aspect-16-9 wp-has-aspect-ratio\"><div class=\"wp-block-embed__wrapper\">\n<iframe loading=\"lazy\" title=\"Je Me Souviens\" width=\"900\" height=\"506\" src=\"https:\/\/www.youtube.com\/embed\/t5vJjweib-8?feature=oembed\" frameborder=\"0\" allow=\"accelerometer; autoplay; clipboard-write; encrypted-media; gyroscope; picture-in-picture; web-share\" allowfullscreen><\/iframe>\n<\/div><\/figure>\n","protected":false},"excerpt":{"rendered":"<p>Cin\u00e9ma muet en musique \u00e0 la cin\u00e9math\u00e8que qu\u00e9b\u00e9coise Benoit Paradis Trio Avec Mapp_Mtl \u00e9t\u00e9 2022 https:\/\/www.choq.ca\/episodes\/radio-dodo\/emission-du-1-mars-2020\/ Franck Sylvestre<\/p>\n","protected":false},"author":1,"featured_media":0,"parent":0,"menu_order":0,"comment_status":"closed","ping_status":"closed","template":"","meta":{"footnotes":""},"class_list":["post-145","page","type-page","status-publish","hentry"],"_links":{"self":[{"href":"https:\/\/www.chantalemorin.com\/site\/wp-json\/wp\/v2\/pages\/145","targetHints":{"allow":["GET"]}}],"collection":[{"href":"https:\/\/www.chantalemorin.com\/site\/wp-json\/wp\/v2\/pages"}],"about":[{"href":"https:\/\/www.chantalemorin.com\/site\/wp-json\/wp\/v2\/types\/page"}],"author":[{"embeddable":true,"href":"https:\/\/www.chantalemorin.com\/site\/wp-json\/wp\/v2\/users\/1"}],"replies":[{"embeddable":true,"href":"https:\/\/www.chantalemorin.com\/site\/wp-json\/wp\/v2\/comments?post=145"}],"version-history":[{"count":38,"href":"https:\/\/www.chantalemorin.com\/site\/wp-json\/wp\/v2\/pages\/145\/revisions"}],"predecessor-version":[{"id":1243,"href":"https:\/\/www.chantalemorin.com\/site\/wp-json\/wp\/v2\/pages\/145\/revisions\/1243"}],"wp:attachment":[{"href":"https:\/\/www.chantalemorin.com\/site\/wp-json\/wp\/v2\/media?parent=145"}],"curies":[{"name":"wp","href":"https:\/\/api.w.org\/{rel}","templated":true}]}}