{"id":226,"date":"2012-02-02T15:35:55","date_gmt":"2012-02-02T15:35:55","guid":{"rendered":"http:\/\/www.chantalemorin.com\/site\/?page_id=226"},"modified":"2021-02-05T16:34:46","modified_gmt":"2021-02-05T16:34:46","slug":"2010-2","status":"publish","type":"page","link":"https:\/\/www.chantalemorin.com\/site\/concerts\/2010-2\/","title":{"rendered":"2010"},"content":{"rendered":"<p><strong>23 d\u00e9c. 2010<\/strong>, 18:00 \u2013 Bily Kun, Montr\u00e9al<\/p>\n<p>Avec Olivier H\u00e9bert Contrebasse<\/p>\n<p>.<\/p>\n<p><strong>17 d\u00e9c. 2010<\/strong>, 18:00 \u2013 Bily Kun, Montr\u00e9al<\/p>\n<p>Duo CM Avec Benoit Coulombe Contrebasse<\/p>\n<p>.<\/p>\n<p><strong>16 d\u00e9c. 2010<\/strong>&#8211; Sommet de la rive, Verdun<\/p>\n<p>Piano solo<\/p>\n<p>.<\/p>\n<p><strong>2 d\u00e9c. 2010<\/strong>, 18:00 \u2013 Gainzbar, Montr\u00e9al<\/p>\n<p>Duo avec S\u00e9bastien Pellerin- Contrebasse<\/p>\n<p>.<\/p>\n<p><strong>26 nov. 2010<\/strong>, 18:00 \u2013 Bily Kun, Montr\u00e9al<\/p>\n<p>Duo avec Benoit Coulombe Contrebasse<\/p>\n<p>.<\/p>\n<p><strong>11 nov 2010<\/strong>, 21:00- Divan Orange, Montr\u00e9al<\/p>\n<p>Coup de coeur francophone avec Benoit Paradis Trio<\/p>\n<p>.<\/p>\n<p><strong>5 nov. 2010<\/strong>, 18:00 \u2013 Bily Kun, Montr\u00e9al<\/p>\n<p>Duo avec Benoit Coulombe-Contrebasse<\/p>\n<p>.<\/p>\n<p><strong>27 octobre 2010<\/strong> , 21h00- Les Pas Sages<\/p>\n<p>Avec Ben P trio<\/p>\n<p>.<\/p>\n<p><strong>15 octobre 2010<\/strong>, Bily Kun, Montr\u00e9al<\/p>\n<p>Duo avec Sage Reynolds-Contrebasse<\/p>\n<p>.<\/p>\n<p><strong>2 oct 2010<\/strong>, Solo- Pop Montr\u00e9al, Redbird Studios.<\/p>\n<p>Avec The Luyas (Everything Outtasight)<\/p>\n<p>.<\/p>\n<p><strong>1er oct 2010<\/strong>, 18h00- Bily Kun, Montr\u00e9al<\/p>\n<p>Duo avec Benoit Coulombe Contrebasse<\/p>\n<p>.<\/p>\n<p><strong>16 sept 2010<\/strong>, 18h00- Bily Kun, Montr\u00e9al<\/p>\n<p>Duo avec Benoit Coulombe Contrebasse<\/p>\n<p>.<\/p>\n<p><strong>15 sept 2010<\/strong>, 21h00- Les Pas Sages<\/p>\n<p>Avec Ben P trio<\/p>\n<p>.<\/p>\n<p><strong>3 sept 2010<\/strong>, 18h00- Bily Kun, Montr\u00e9al<\/p>\n<p>Duo avec Benoit Coulombe Contrebasse<\/p>\n<p>.<\/p>\n<p><strong>26 ao\u00fbt 2010<\/strong>, 18:00 \u2013 Bily Kun, Montr\u00e9al<\/p>\n<p>Duo avec Benoit Coulombe Contrebasse<\/p>\n<p>.<\/p>\n<p><strong>20 ao\u00fbt 2010<\/strong>, 18:00 \u2013 Bily Kun, Montr\u00e9al<\/p>\n<p>Duo avec Benoit Coulombe- Contrebasse<\/p>\n<p>.<\/p>\n<p><strong>30 juillet 2010<\/strong>, 18:00 \u2013 Bily Kun, Montr\u00e9al<\/p>\n<p>Duo avec Benoit Coulombe- Contrebasse<\/p>\n<p>.<\/p>\n<p><strong>21 juillet 2010<\/strong>, 18:00 \u2013 Bily Kun, Montr\u00e9al<\/p>\n<p>Duo avec Benoit Coulombe- Contrebasse<\/p>\n<p>.<\/p>\n<p><strong>6 juillet 2010<\/strong>, 18:00 \u2013 Bily Kun, Montr\u00e9al<\/p>\n<p>Duo avec Benoit Coulombe- Contrebasse<\/p>\n<p>.<\/p>\n<p><strong>30 juin 2010<\/strong>, 18:00 \u2013 Bily Kun, Montr\u00e9al<\/p>\n<p>Duo avec Benoit Coulombe Contrebasse<\/p>\n<p>.<\/p>\n<p><strong>18 juin 2010<\/strong>, 18:00 \u2013 Bily Kun, Montr\u00e9al<\/p>\n<p>Duo CM Avec Benoit Coulombe Contrebasse<\/p>\n<p>.<\/p>\n<p><strong>17 juin 2010<\/strong>&#8211; Francofolies de Montr\u00e9al, L\u2019Astral<\/p>\n<p>1re partie de Bernard Adamus, avec Benoit Paradis Trio<\/p>\n<p>.<\/p>\n<p><strong>16 juin 2010<\/strong>&#8211; Francofolies de Montr\u00e9al, L\u2019Astral<\/p>\n<p>1re partie de Bernard Adamus, avec Benoit Paradis Trio<\/p>\n<p>.<\/p>\n<p><strong>14 juin 2010<\/strong>&#8211; Th\u00e9\u00e2tre de Quat\u2019Sous<\/p>\n<p>Choeur Crocmuzik<\/p>\n<p>.<\/p>\n<p><strong>13 juin 2010<\/strong>&#8211; Th\u00e9\u00e2tre de Quat\u2019Sous<\/p>\n<p>Choeur Crocmuzik<\/p>\n<p>.<\/p>\n<p><strong>11 juin 2010<\/strong>&#8211; Festival de la chanson de Tadoussac<\/p>\n<p>Avec Benoit Paradis Trio<\/p>\n<p>.<\/p>\n<p><strong>10 juin 2010<\/strong>&#8211; Festival de la chanson de Tadoussac<\/p>\n<p>Avec Benoit Paradis Trio<\/p>\n<p>.<\/p>\n<p><strong>15 mai au 5 juin 2010<\/strong>&#8211; Banff Center, Alberta, Canada<\/p>\n<p>Workshop in jazz and creative music<\/p>\n<p>.<\/p>\n<p><strong>14 mai 2010<\/strong>, 18:00 \u2013 Bily Kun, Montr\u00e9al<\/p>\n<p>Duo avec Benoit Coulombe Contrebasse<\/p>\n<p>.<\/p>\n<p><strong>9 mai 2010<\/strong>, 21:00 \u2013 Le Cheval Blanc, Montr\u00e9al<\/p>\n<p>Avec Benoit Paradis trio<\/p>\n<p>.<\/p>\n<p><strong>7 mai 2010<\/strong>, 18:00 \u2013 Bily Kun, Montr\u00e9al<\/p>\n<p>Duo avec Benoit Coulombe Contrebasse<\/p>\n<p>.<\/p>\n<p><strong>28 avril 2010<\/strong>, 18:00 \u2013 Bily Kun, Montr\u00e9al<\/p>\n<p>Duo avec Benoit Coulombe Contrebasse<\/p>\n<p>.<\/p>\n<p><strong>23 avril 2010<\/strong>, 20:00 \u2013 Le Balzac, Granby<\/p>\n<p>Avec Benoit Paradis trio<\/p>\n<p>.<\/p>\n<p><strong>16 avril 2010<\/strong>, 18:00 \u2013 Bily Kun, Montr\u00e9al<\/p>\n<p>Duo avec Benoit Coulombe Contrebasse<\/p>\n<p>.<\/p>\n<p><strong>31 mars 2010<\/strong>, 18:00 \u2013 Bily Kun, Montr\u00e9al<\/p>\n<p>Duo avec Benoit Coulombe Contrebasse<\/p>\n<p>.<\/p>\n<p><strong>27 mars 2010<\/strong>, 20:00 \u2013 Limonaire, France<\/p>\n<p>Paris, Tourn\u00e9e du Benoit Paradis trio<\/p>\n<p>.<\/p>\n<p><strong>26 mars 2010<\/strong>, 20:00 \u2013 Les trois Beaudets, France<\/p>\n<p>Paris,Tourn\u00e9e du Benoit Paradis trio. 1re partie de Madame Moustache<\/p>\n<p>.<\/p>\n<p><strong>24 mars 2010<\/strong>, 20:00 \u2013 Le Bijou, France<\/p>\n<p>Toulouse, Tourn\u00e9e du Benoit Paradis trio<\/p>\n<p>.<\/p>\n<p><strong>23 mars 2010<\/strong>, 20:00 \u2013 Le Bijou, France<\/p>\n<p>Toulouse, Tourn\u00e9e du Benoit Paradis trio<\/p>\n<p>.<\/p>\n<p><strong>18 mars 2010<\/strong>, 20:00 \u2013 La motte aux cochons, St-Hilaire de Chal\u00e9ons<\/p>\n<p>Pays de la Loire, Tourn\u00e9e du Benoit Paradis trio<\/p>\n<p>.<\/p>\n<p><strong>14 mars 2010<\/strong>, 16:00 \u2013 Festival Chant\u2019Appart, France<\/p>\n<p>Ecole Buissonni\u00e8re Le Tremblay avec Liz, 49520<\/p>\n<p>.<\/p>\n<p><strong>13 mars 2010<\/strong>, 20:30 \u2013 Festival Chant\u2019Appart, France<\/p>\n<p>85000 Mouilleron le captif, Ben Paradis Trio<\/p>\n<p>.<\/p>\n<p><strong>12 mars 2010<\/strong>, 20:30 \u2013 Festival Chant\u2019Appart, France<\/p>\n<p>85000 La Roche sur Yon avec Pascal Rinaldi, Ben Paradis Trio<\/p>\n<p>.<\/p>\n<p><strong>11 mars 2010<\/strong>, 20:30 \u2013 Festival Chant\u2019Appart, France<\/p>\n<p>Les Sables d\u2019Olonne avec Pascal Rinaldi, 85100<\/p>\n<p>.<\/p>\n<p><strong>06 mars 2010<\/strong>, 20:30 \u2013 Festival Chant\u2019Appart, France<\/p>\n<p>La Guichetrie 85640 Mouchamps avec Le Magot de M\u00e9m\u00e9<\/p>\n<p>.<\/p>\n<p><strong>05 mars 2010<\/strong>, 20:30 \u2013 Festival Chant\u2019Appart, France<\/p>\n<p>Corsept, Benoit Paradis Trio avec Sophie Kay<\/p>\n<p>.<\/p>\n<p><strong>04 mars 2010<\/strong>, 20:00 \u2013 Bar 96, France,75020, Paris<\/p>\n<p>TOURN\u00c9E AVEC LE BENOIT PARADIS TRIO (mars 2010)<\/p>\n<p>.<\/p>\n<p><strong>26 f\u00e9v. 2010<\/strong>,18:00 \u2013 Bily Kun, Montr\u00e9al<\/p>\n<p>Duo avec Benoit Coulombe- Contrebasse<\/p>\n<p>.<\/p>\n<p><strong>23 f\u00e9v. 2010<\/strong>, 21h00 \u2013 Pas Sages, Montr\u00e9al.<\/p>\n<p>Avec Ben P Trio<\/p>\n<p>.<\/p>\n<p><strong>19 f\u00e9v. 2010<\/strong>, 19h30 \u2013 Jeunesses musicales du Canada<\/p>\n<p>Avec le choeur Crocmuzik<\/p>\n<p>.<\/p>\n<p><strong>4 f\u00e9v. 2010<\/strong>,18:00 \u2013 Bily Kun, Montr\u00e9al<\/p>\n<p>Duo avec Benoit Coulombe- Contrebasse<\/p>\n<p>.<\/p>\n<p><strong>29 jan. 2010<\/strong>, 18:00 \u2013 Bily Kun, Montr\u00e9al<\/p>\n<p>Duo avec Benoit Coulombe- Contrebasse<\/p>\n<p>.<\/p>\n<p><strong>7 jan. 2010<\/strong>, 18:00 \u2013 Bily Kun, Montr\u00e9al<\/p>\n<p>Duo avec Benoit Coulombe- Contrebasse<\/p>\n<p>&nbsp;<\/p>\n<p>&nbsp;<\/p>\n<p>&nbsp;<\/p>\n<p><a title=\"2020\" href=\"https:\/\/www.chantalemorin.com\/site\/concerts\/2020-2\/\">2020<\/a> | <a title=\"2019\" href=\"https:\/\/www.chantalemorin.com\/site\/concerts\/2019-2\/\">2019<\/a> | <a title=\"2018\" href=\"https:\/\/www.chantalemorin.com\/site\/concerts\/2018-2\/\">2018<\/a> | <a title=\"2017\" href=\"https:\/\/www.chantalemorin.com\/site\/concerts\/2017-2\/\">2017<\/a> | <a title=\"2016\" href=\"https:\/\/www.chantalemorin.com\/site\/concerts\/2016-2\/\">2016<\/a> | <a title=\"2015\" href=\"https:\/\/www.chantalemorin.com\/site\/concerts\/2015-2\/\">2015<\/a> | <a title=\"2014\" href=\"https:\/\/www.chantalemorin.com\/site\/concerts\/2014-2\/\">2014<\/a> | <a title=\"2013\" href=\"https:\/\/www.chantalemorin.com\/site\/concerts\/2013-2\/\">2013<\/a> | <a title=\"2012\" href=\"https:\/\/www.chantalemorin.com\/site\/concerts\/2012-2\/\">2012<\/a> | <a title=\"2011\" href=\"https:\/\/www.chantalemorin.com\/site\/concerts\/2011-2\/\">2011<\/a> | <a title=\"2010\" href=\"https:\/\/www.chantalemorin.com\/site\/concerts\/2010-2\/\">2010<\/a> | <a title=\"2009\" href=\"https:\/\/www.chantalemorin.com\/site\/concerts\/2009-2\/\">2009<\/a> | <a title=\"2008\" href=\"https:\/\/www.chantalemorin.com\/site\/concerts\/2008-2\/\">2008<\/a><\/p>\n","protected":false},"excerpt":{"rendered":"<p>23 d\u00e9c. 2010, 18:00 \u2013 Bily Kun, Montr\u00e9al Avec Olivier H\u00e9bert Contrebasse . 17 d\u00e9c. 2010, 18:00 \u2013 Bily Kun, Montr\u00e9al Duo CM Avec Benoit Coulombe Contrebasse . 16 d\u00e9c. 2010&#8211; Sommet de la rive, Verdun Piano solo . 2 d\u00e9c. 2010, 18:00 \u2013 Gainzbar, Montr\u00e9al Duo avec S\u00e9bastien Pellerin- Contrebasse . 26 nov. 2010, [&hellip;]<\/p>\n","protected":false},"author":1,"featured_media":0,"parent":10,"menu_order":0,"comment_status":"closed","ping_status":"closed","template":"","meta":{"footnotes":""},"class_list":["post-226","page","type-page","status-publish","hentry"],"_links":{"self":[{"href":"https:\/\/www.chantalemorin.com\/site\/wp-json\/wp\/v2\/pages\/226","targetHints":{"allow":["GET"]}}],"collection":[{"href":"https:\/\/www.chantalemorin.com\/site\/wp-json\/wp\/v2\/pages"}],"about":[{"href":"https:\/\/www.chantalemorin.com\/site\/wp-json\/wp\/v2\/types\/page"}],"author":[{"embeddable":true,"href":"https:\/\/www.chantalemorin.com\/site\/wp-json\/wp\/v2\/users\/1"}],"replies":[{"embeddable":true,"href":"https:\/\/www.chantalemorin.com\/site\/wp-json\/wp\/v2\/comments?post=226"}],"version-history":[{"count":4,"href":"https:\/\/www.chantalemorin.com\/site\/wp-json\/wp\/v2\/pages\/226\/revisions"}],"predecessor-version":[{"id":1121,"href":"https:\/\/www.chantalemorin.com\/site\/wp-json\/wp\/v2\/pages\/226\/revisions\/1121"}],"up":[{"embeddable":true,"href":"https:\/\/www.chantalemorin.com\/site\/wp-json\/wp\/v2\/pages\/10"}],"wp:attachment":[{"href":"https:\/\/www.chantalemorin.com\/site\/wp-json\/wp\/v2\/media?parent=226"}],"curies":[{"name":"wp","href":"https:\/\/api.w.org\/{rel}","templated":true}]}}

<p><strong>23 déc. 2010</strong>, 18:00 – Bily Kun, Montréal</p>
<p>Avec Olivier Hébert Contrebasse</p>
<p>.</p>
<p><strong>17 déc. 2010</strong>, 18:00 – Bily Kun, Montréal</p>
<p>Duo CM Avec Benoit Coulombe Contrebasse</p>
<p>.</p>
<p><strong>16 déc. 2010</strong>&#8211; Sommet de la rive, Verdun</p>
<p>Piano solo</p>
<p>.</p>
<p><strong>2 déc. 2010</strong>, 18:00 – Gainzbar, Montréal</p>
<p>Duo avec Sébastien Pellerin- Contrebasse</p>
<p>.</p>
<p><strong>26 nov. 2010</strong>, 18:00 – Bily Kun, Montréal</p>
<p>Duo avec Benoit Coulombe Contrebasse</p>
<p>.</p>
<p><strong>11 nov 2010</strong>, 21:00- Divan Orange, Montréal</p>
<p>Coup de coeur francophone avec Benoit Paradis Trio</p>
<p>.</p>
<p><strong>5 nov. 2010</strong>, 18:00 – Bily Kun, Montréal</p>
<p>Duo avec Benoit Coulombe-Contrebasse</p>
<p>.</p>
<p><strong>27 octobre 2010</strong> , 21h00- Les Pas Sages</p>
<p>Avec Ben P trio</p>
<p>.</p>
<p><strong>15 octobre 2010</strong>, Bily Kun, Montréal</p>
<p>Duo avec Sage Reynolds-Contrebasse</p>
<p>.</p>
<p><strong>2 oct 2010</strong>, Solo- Pop Montréal, Redbird Studios.</p>
<p>Avec The Luyas (Everything Outtasight)</p>
<p>.</p>
<p><strong>1er oct 2010</strong>, 18h00- Bily Kun, Montréal</p>
<p>Duo avec Benoit Coulombe Contrebasse</p>
<p>.</p>
<p><strong>16 sept 2010</strong>, 18h00- Bily Kun, Montréal</p>
<p>Duo avec Benoit Coulombe Contrebasse</p>
<p>.</p>
<p><strong>15 sept 2010</strong>, 21h00- Les Pas Sages</p>
<p>Avec Ben P trio</p>
<p>.</p>
<p><strong>3 sept 2010</strong>, 18h00- Bily Kun, Montréal</p>
<p>Duo avec Benoit Coulombe Contrebasse</p>
<p>.</p>
<p><strong>26 août 2010</strong>, 18:00 – Bily Kun, Montréal</p>
<p>Duo avec Benoit Coulombe Contrebasse</p>
<p>.</p>
<p><strong>20 août 2010</strong>, 18:00 – Bily Kun, Montréal</p>
<p>Duo avec Benoit Coulombe- Contrebasse</p>
<p>.</p>
<p><strong>30 juillet 2010</strong>, 18:00 – Bily Kun, Montréal</p>
<p>Duo avec Benoit Coulombe- Contrebasse</p>
<p>.</p>
<p><strong>21 juillet 2010</strong>, 18:00 – Bily Kun, Montréal</p>
<p>Duo avec Benoit Coulombe- Contrebasse</p>
<p>.</p>
<p><strong>6 juillet 2010</strong>, 18:00 – Bily Kun, Montréal</p>
<p>Duo avec Benoit Coulombe- Contrebasse</p>
<p>.</p>
<p><strong>30 juin 2010</strong>, 18:00 – Bily Kun, Montréal</p>
<p>Duo avec Benoit Coulombe Contrebasse</p>
<p>.</p>
<p><strong>18 juin 2010</strong>, 18:00 – Bily Kun, Montréal</p>
<p>Duo CM Avec Benoit Coulombe Contrebasse</p>
<p>.</p>
<p><strong>17 juin 2010</strong>&#8211; Francofolies de Montréal, L’Astral</p>
<p>1re partie de Bernard Adamus, avec Benoit Paradis Trio</p>
<p>.</p>
<p><strong>16 juin 2010</strong>&#8211; Francofolies de Montréal, L’Astral</p>
<p>1re partie de Bernard Adamus, avec Benoit Paradis Trio</p>
<p>.</p>
<p><strong>14 juin 2010</strong>&#8211; Théâtre de Quat’Sous</p>
<p>Choeur Crocmuzik</p>
<p>.</p>
<p><strong>13 juin 2010</strong>&#8211; Théâtre de Quat’Sous</p>
<p>Choeur Crocmuzik</p>
<p>.</p>
<p><strong>11 juin 2010</strong>&#8211; Festival de la chanson de Tadoussac</p>
<p>Avec Benoit Paradis Trio</p>
<p>.</p>
<p><strong>10 juin 2010</strong>&#8211; Festival de la chanson de Tadoussac</p>
<p>Avec Benoit Paradis Trio</p>
<p>.</p>
<p><strong>15 mai au 5 juin 2010</strong>&#8211; Banff Center, Alberta, Canada</p>
<p>Workshop in jazz and creative music</p>
<p>.</p>
<p><strong>14 mai 2010</strong>, 18:00 – Bily Kun, Montréal</p>
<p>Duo avec Benoit Coulombe Contrebasse</p>
<p>.</p>
<p><strong>9 mai 2010</strong>, 21:00 – Le Cheval Blanc, Montréal</p>
<p>Avec Benoit Paradis trio</p>
<p>.</p>
<p><strong>7 mai 2010</strong>, 18:00 – Bily Kun, Montréal</p>
<p>Duo avec Benoit Coulombe Contrebasse</p>
<p>.</p>
<p><strong>28 avril 2010</strong>, 18:00 – Bily Kun, Montréal</p>
<p>Duo avec Benoit Coulombe Contrebasse</p>
<p>.</p>
<p><strong>23 avril 2010</strong>, 20:00 – Le Balzac, Granby</p>
<p>Avec Benoit Paradis trio</p>
<p>.</p>
<p><strong>16 avril 2010</strong>, 18:00 – Bily Kun, Montréal</p>
<p>Duo avec Benoit Coulombe Contrebasse</p>
<p>.</p>
<p><strong>31 mars 2010</strong>, 18:00 – Bily Kun, Montréal</p>
<p>Duo avec Benoit Coulombe Contrebasse</p>
<p>.</p>
<p><strong>27 mars 2010</strong>, 20:00 – Limonaire, France</p>
<p>Paris, Tournée du Benoit Paradis trio</p>
<p>.</p>
<p><strong>26 mars 2010</strong>, 20:00 – Les trois Beaudets, France</p>
<p>Paris,Tournée du Benoit Paradis trio. 1re partie de Madame Moustache</p>
<p>.</p>
<p><strong>24 mars 2010</strong>, 20:00 – Le Bijou, France</p>
<p>Toulouse, Tournée du Benoit Paradis trio</p>
<p>.</p>
<p><strong>23 mars 2010</strong>, 20:00 – Le Bijou, France</p>
<p>Toulouse, Tournée du Benoit Paradis trio</p>
<p>.</p>
<p><strong>18 mars 2010</strong>, 20:00 – La motte aux cochons, St-Hilaire de Chaléons</p>
<p>Pays de la Loire, Tournée du Benoit Paradis trio</p>
<p>.</p>
<p><strong>14 mars 2010</strong>, 16:00 – Festival Chant’Appart, France</p>
<p>Ecole Buissonnière Le Tremblay avec Liz, 49520</p>
<p>.</p>
<p><strong>13 mars 2010</strong>, 20:30 – Festival Chant’Appart, France</p>
<p>85000 Mouilleron le captif, Ben Paradis Trio</p>
<p>.</p>
<p><strong>12 mars 2010</strong>, 20:30 – Festival Chant’Appart, France</p>
<p>85000 La Roche sur Yon avec Pascal Rinaldi, Ben Paradis Trio</p>
<p>.</p>
<p><strong>11 mars 2010</strong>, 20:30 – Festival Chant’Appart, France</p>
<p>Les Sables d’Olonne avec Pascal Rinaldi, 85100</p>
<p>.</p>
<p><strong>06 mars 2010</strong>, 20:30 – Festival Chant’Appart, France</p>
<p>La Guichetrie 85640 Mouchamps avec Le Magot de Mémé</p>
<p>.</p>
<p><strong>05 mars 2010</strong>, 20:30 – Festival Chant’Appart, France</p>
<p>Corsept, Benoit Paradis Trio avec Sophie Kay</p>
<p>.</p>
<p><strong>04 mars 2010</strong>, 20:00 – Bar 96, France,75020, Paris</p>
<p>TOURNÉE AVEC LE BENOIT PARADIS TRIO (mars 2010)</p>
<p>.</p>
<p><strong>26 fév. 2010</strong>,18:00 – Bily Kun, Montréal</p>
<p>Duo avec Benoit Coulombe- Contrebasse</p>
<p>.</p>
<p><strong>23 fév. 2010</strong>, 21h00 – Pas Sages, Montréal.</p>
<p>Avec Ben P Trio</p>
<p>.</p>
<p><strong>19 fév. 2010</strong>, 19h30 – Jeunesses musicales du Canada</p>
<p>Avec le choeur Crocmuzik</p>
<p>.</p>
<p><strong>4 fév. 2010</strong>,18:00 – Bily Kun, Montréal</p>
<p>Duo avec Benoit Coulombe- Contrebasse</p>
<p>.</p>
<p><strong>29 jan. 2010</strong>, 18:00 – Bily Kun, Montréal</p>
<p>Duo avec Benoit Coulombe- Contrebasse</p>
<p>.</p>
<p><strong>7 jan. 2010</strong>, 18:00 – Bily Kun, Montréal</p>
<p>Duo avec Benoit Coulombe- Contrebasse</p>
<p>&nbsp;</p>
<p>&nbsp;</p>
<p>&nbsp;</p>
<p><a title="2020" href="https://www.chantalemorin.com/site/concerts/2020-2/">2020</a> | <a title="2019" href="https://www.chantalemorin.com/site/concerts/2019-2/">2019</a> | <a title="2018" href="https://www.chantalemorin.com/site/concerts/2018-2/">2018</a> | <a title="2017" href="https://www.chantalemorin.com/site/concerts/2017-2/">2017</a> | <a title="2016" href="https://www.chantalemorin.com/site/concerts/2016-2/">2016</a> | <a title="2015" href="https://www.chantalemorin.com/site/concerts/2015-2/">2015</a> | <a title="2014" href="https://www.chantalemorin.com/site/concerts/2014-2/">2014</a> | <a title="2013" href="https://www.chantalemorin.com/site/concerts/2013-2/">2013</a> | <a title="2012" href="https://www.chantalemorin.com/site/concerts/2012-2/">2012</a> | <a title="2011" href="https://www.chantalemorin.com/site/concerts/2011-2/">2011</a> | <a title="2010" href="https://www.chantalemorin.com/site/concerts/2010-2/">2010</a> | <a title="2009" href="https://www.chantalemorin.com/site/concerts/2009-2/">2009</a> | <a title="2008" href="https://www.chantalemorin.com/site/concerts/2008-2/">2008</a></p>

<p>23 déc. 2010, 18:00 – Bily Kun, Montréal Avec Olivier Hébert Contrebasse . 17 déc. 2010, 18:00 – Bily Kun, Montréal Duo CM Avec Benoit Coulombe Contrebasse . 16 déc. 2010&#8211; Sommet de la rive, Verdun Piano solo . 2 déc. 2010, 18:00 – Gainzbar, Montréal Duo avec Sébastien Pellerin- Contrebasse . 26 nov. 2010, [&hellip;]</p>
